{"id":1970,"date":"2025-10-06T13:12:20","date_gmt":"2025-10-06T13:12:20","guid":{"rendered":"https:\/\/grpe-alt.com\/gap1\/?page_id=1970"},"modified":"2025-10-06T13:32:42","modified_gmt":"2025-10-06T13:32:42","slug":"biscuits-artisanaux-2","status":"publish","type":"page","link":"https:\/\/grpe-alt.com\/gap1\/biscuits-artisanaux-2\/","title":{"rendered":"La Sabl\u00e9sienne : L\u2019Art des biscuits artisanaux"},"content":{"rendered":"\n<p>Depuis 2010,<a href=\"https:\/\/sablesienne.com\/\"> <strong>La Sabl\u00e9sienne<\/strong><\/a> perp\u00e9tue le savoir-faire des biscuits artisanaux fran\u00e7ais dans la r\u00e9gion de Lyon. Sp\u00e9cialis\u00e9e dans la <strong>fabrication de biscuits authentiques et raffin\u00e9s<\/strong>, l\u2019entreprise allie tradition, innovation et respect des ingr\u00e9dients naturels pour offrir \u00e0 ses clients une exp\u00e9rience gustative unique.<\/p>\n\n\n\n<div class=\"wp-block-cover\"><img loading=\"lazy\" decoding=\"async\" width=\"1024\" height=\"616\" class=\"wp-block-cover__image-background wp-image-1288 size-large\" alt=\"Des biscuits artisanaux sur un \u00e9tale\" src=\"https:\/\/grpe-alt.com\/gap1\/wp-content\/uploads\/2024\/12\/pexels-conojeghuo-375904-1-1024x616.jpg\" data-object-fit=\"cover\" srcset=\"https:\/\/grpe-alt.com\/gap1\/wp-content\/uploads\/2024\/12\/pexels-conojeghuo-375904-1-1024x616.jpg 1024w, https:\/\/grpe-alt.com\/gap1\/wp-content\/uploads\/2024\/12\/pexels-conojeghuo-375904-1-300x181.jpg 300w, https:\/\/grpe-alt.com\/gap1\/wp-content\/uploads\/2024\/12\/pexels-conojeghuo-375904-1-768x462.jpg 768w, https:\/\/grpe-alt.com\/gap1\/wp-content\/uploads\/2024\/12\/pexels-conojeghuo-375904-1-1536x925.jpg 1536w, https:\/\/grpe-alt.com\/gap1\/wp-content\/uploads\/2024\/12\/pexels-conojeghuo-375904-1-2048x1233.jpg 2048w\" sizes=\"auto, (max-width: 1024px) 100vw, 1024px\" \/><span aria-hidden=\"true\" class=\"wp-block-cover__background has-ast-global-color-5-background-color has-background-dim\"><\/span><div class=\"wp-block-cover__inner-container is-layout-constrained wp-block-cover-is-layout-constrained\">\n<p class=\"has-text-align-center has-large-font-size\">Nos biscuits artisanaux<\/p>\n<\/div><\/div>\n\n\n\n<p><\/p>\n\n\n\n<h2 class=\"wp-block-heading\">Des biscuits artisanaux o\u00f9 tradition et innovation se rencontrent<\/h2>\n\n\n\n<p>Chaque biscuit sign\u00e9 <em>La Sabl\u00e9sienne<\/em> est le fruit d\u2019un travail minutieux et d\u2019une passion pour la gastronomie fran\u00e7aise. L\u2019entreprise s\u00e9lectionne avec soin des produits locaux et naturels, afin de garantir une qualit\u00e9 irr\u00e9prochable \u00e0 chaque bouch\u00e9e.<\/p>\n\n\n\n<p>Anim\u00e9e par la volont\u00e9 de pr\u00e9server son <strong>h\u00e9ritage artisanal<\/strong>, tout en s\u2019adaptant aux nouvelles tendances gourmandes, elle se distingue par un \u00e9quilibre parfait entre authenticit\u00e9 et modernit\u00e9.<\/p>\n\n\n\n<figure class=\"wp-block-video\"><video height=\"360\" style=\"aspect-ratio: 640 \/ 360;\" width=\"640\" controls src=\"https:\/\/grpe-alt.com\/gap1\/wp-content\/uploads\/2025\/02\/Temoignage-La-Sablesienne-Exposant-2019.mp4\"><\/video><\/figure>\n\n\n\n<h3 class=\"wp-block-heading\">Les valeurs qui font la diff\u00e9rence<\/h3>\n\n\n\n<ul class=\"wp-block-list\">\n<li><strong>Qualit\u00e9<\/strong> : Ingr\u00e9dients rigoureusement s\u00e9lectionn\u00e9s et contr\u00f4les \u00e0 chaque \u00e9tape.<\/li>\n\n\n\n<li><strong>Authenticit\u00e9<\/strong> : Recettes issues d\u2019un savoir-faire transmis de g\u00e9n\u00e9ration en g\u00e9n\u00e9ration.<\/li>\n<\/ul>\n\n\n\n<div class=\"wp-block-buttons is-content-justification-center is-layout-flex wp-container-core-buttons-is-layout-a89b3969 wp-block-buttons-is-layout-flex\">\n<div class=\"wp-block-button\"><a class=\"wp-block-button__link wp-element-button\" href=\"https:\/\/grpe-alt.com\/gap1\/sable-traditionnel-2\/\">cliquez ici<\/a><\/div>\n<\/div>\n","protected":false},"excerpt":{"rendered":"<p>Depuis 2010, La Sabl\u00e9sienne perp\u00e9tue le savoir-faire des biscuits artisanaux fran\u00e7ais dans la r\u00e9gion de Lyon. Sp\u00e9cialis\u00e9e dans la fabrication de biscuits authentiques et raffin\u00e9s, l\u2019entreprise allie tradition, innovation et respect des ingr\u00e9dients naturels pour offrir \u00e0 ses clients une exp\u00e9rience gustative unique. Des biscuits artisanaux o\u00f9 tradition et innovation se rencontrent Chaque biscuit sign\u00e9 [&hellip;]<\/p>\n","protected":false},"author":1,"featured_media":0,"parent":0,"menu_order":0,"comment_status":"closed","ping_status":"closed","template":"","meta":{"_uag_custom_page_level_css":"","site-sidebar-layout":"default","site-content-layout":"","ast-site-content-layout":"default","site-content-style":"default","site-sidebar-style":"default","ast-global-header-display":"","ast-banner-title-visibility":"","ast-main-header-display":"","ast-hfb-above-header-display":"","ast-hfb-below-header-display":"","ast-hfb-mobile-header-display":"","site-post-title":"","ast-breadcrumbs-content":"","ast-featured-img":"","footer-sml-layout":"","ast-disable-related-posts":"","theme-transparent-header-meta":"","adv-header-id-meta":"","stick-header-meta":"","header-above-stick-meta":"","header-main-stick-meta":"","header-below-stick-meta":"","astra-migrate-meta-layouts":"default","ast-page-background-enabled":"default","ast-page-background-meta":{"desktop":{"background-color":"var(--ast-global-color-4)","background-image":"","background-repeat":"repeat","background-position":"center center","background-size":"auto","background-attachment":"scroll","background-type":"","background-media":"","overlay-type":"","overlay-color":"","overlay-opacity":"","overlay-gradient":""},"tablet":{"background-color":"","background-image":"","background-repeat":"repeat","background-position":"center center","background-size":"auto","background-attachment":"scroll","background-type":"","background-media":"","overlay-type":"","overlay-color":"","overlay-opacity":"","overlay-gradient":""},"mobile":{"background-color":"","background-image":"","background-repeat":"repeat","background-position":"center center","background-size":"auto","background-attachment":"scroll","background-type":"","background-media":"","overlay-type":"","overlay-color":"","overlay-opacity":"","overlay-gradient":""}},"ast-content-background-meta":{"desktop":{"background-color":"var(--ast-global-color-5)","background-image":"","background-repeat":"repeat","background-position":"center center","background-size":"auto","background-attachment":"scroll","background-type":"","background-media":"","overlay-type":"","overlay-color":"","overlay-opacity":"","overlay-gradient":""},"tablet":{"background-color":"var(--ast-global-color-5)","background-image":"","background-repeat":"repeat","background-position":"center center","background-size":"auto","background-attachment":"scroll","background-type":"","background-media":"","overlay-type":"","overlay-color":"","overlay-opacity":"","overlay-gradient":""},"mobile":{"background-color":"var(--ast-global-color-5)","background-image":"","background-repeat":"repeat","background-position":"center center","background-size":"auto","background-attachment":"scroll","background-type":"","background-media":"","overlay-type":"","overlay-color":"","overlay-opacity":"","overlay-gradient":""}},"footnotes":""},"class_list":["post-1970","page","type-page","status-publish","hentry"],"uagb_featured_image_src":{"full":false,"thumbnail":false,"medium":false,"medium_large":false,"large":false,"1536x1536":false,"2048x2048":false},"uagb_author_info":{"display_name":"apa16","author_link":"https:\/\/grpe-alt.com\/gap1\/author\/apa16\/"},"uagb_comment_info":0,"uagb_excerpt":"Depuis 2010, La Sabl\u00e9sienne perp\u00e9tue le savoir-faire des biscuits artisanaux fran\u00e7ais dans la r\u00e9gion de Lyon. Sp\u00e9cialis\u00e9e dans la fabrication de biscuits authentiques et raffin\u00e9s, l\u2019entreprise allie tradition, innovation et respect des ingr\u00e9dients naturels pour offrir \u00e0 ses clients une exp\u00e9rience gustative unique. Des biscuits artisanaux o\u00f9 tradition et innovation se rencontrent Chaque biscuit sign\u00e9\u2026","_links":{"self":[{"href":"https:\/\/grpe-alt.com\/gap1\/wp-json\/wp\/v2\/pages\/1970","targetHints":{"allow":["GET"]}}],"collection":[{"href":"https:\/\/grpe-alt.com\/gap1\/wp-json\/wp\/v2\/pages"}],"about":[{"href":"https:\/\/grpe-alt.com\/gap1\/wp-json\/wp\/v2\/types\/page"}],"author":[{"embeddable":true,"href":"https:\/\/grpe-alt.com\/gap1\/wp-json\/wp\/v2\/users\/1"}],"replies":[{"embeddable":true,"href":"https:\/\/grpe-alt.com\/gap1\/wp-json\/wp\/v2\/comments?post=1970"}],"version-history":[{"count":12,"href":"https:\/\/grpe-alt.com\/gap1\/wp-json\/wp\/v2\/pages\/1970\/revisions"}],"predecessor-version":[{"id":1985,"href":"https:\/\/grpe-alt.com\/gap1\/wp-json\/wp\/v2\/pages\/1970\/revisions\/1985"}],"wp:attachment":[{"href":"https:\/\/grpe-alt.com\/gap1\/wp-json\/wp\/v2\/media?parent=1970"}],"curies":[{"name":"wp","href":"https:\/\/api.w.org\/{rel}","templated":true}]}}

La Sablésienne : L’Art des biscuits artisanaux

<p>Depuis 2010,<a href="https://sablesienne.com/"> <strong>La Sablésienne</strong></a> perpétue le savoir-faire des biscuits artisanaux français dans la région de Lyon. Spécialisée dans la <strong>fabrication de biscuits authentiques et raffinés</strong>, l’entreprise allie tradition, innovation et respect des ingrédients naturels pour offrir à ses clients une expérience gustative unique.</p>



<div class="wp-block-cover"><img loading="lazy" decoding="async" width="1024" height="616" class="wp-block-cover__image-background wp-image-1288 size-large" alt="Des biscuits artisanaux sur un étale" src="https://grpe-alt.com/gap1/wp-content/uploads/2024/12/pexels-conojeghuo-375904-1-1024x616.jpg" data-object-fit="cover" srcset="https://grpe-alt.com/gap1/wp-content/uploads/2024/12/pexels-conojeghuo-375904-1-1024x616.jpg 1024w, https://grpe-alt.com/gap1/wp-content/uploads/2024/12/pexels-conojeghuo-375904-1-300x181.jpg 300w, https://grpe-alt.com/gap1/wp-content/uploads/2024/12/pexels-conojeghuo-375904-1-768x462.jpg 768w, https://grpe-alt.com/gap1/wp-content/uploads/2024/12/pexels-conojeghuo-375904-1-1536x925.jpg 1536w, https://grpe-alt.com/gap1/wp-content/uploads/2024/12/pexels-conojeghuo-375904-1-2048x1233.jpg 2048w" sizes="auto, (max-width: 1024px) 100vw, 1024px" /><span aria-hidden="true" class="wp-block-cover__background has-ast-global-color-5-background-color has-background-dim"></span><div class="wp-block-cover__inner-container is-layout-constrained wp-block-cover-is-layout-constrained">
<p class="has-text-align-center has-large-font-size">Nos biscuits artisanaux</p>
</div></div>



<p></p>



<h2 class="wp-block-heading">Des biscuits artisanaux où tradition et innovation se rencontrent</h2>



<p>Chaque biscuit signé <em>La Sablésienne</em> est le fruit d’un travail minutieux et d’une passion pour la gastronomie française. L’entreprise sélectionne avec soin des produits locaux et naturels, afin de garantir une qualité irréprochable à chaque bouchée.</p>



<p>Animée par la volonté de préserver son <strong>héritage artisanal</strong>, tout en s’adaptant aux nouvelles tendances gourmandes, elle se distingue par un équilibre parfait entre authenticité et modernité.</p>



<figure class="wp-block-video"><video height="360" style="aspect-ratio: 640 / 360;" width="640" controls src="https://grpe-alt.com/gap1/wp-content/uploads/2025/02/Temoignage-La-Sablesienne-Exposant-2019.mp4"></video></figure>



<h3 class="wp-block-heading">Les valeurs qui font la différence</h3>



<ul class="wp-block-list">
<li><strong>Qualité</strong> : Ingrédients rigoureusement sélectionnés et contrôles à chaque étape.</li>



<li><strong>Authenticité</strong> : Recettes issues d’un savoir-faire transmis de génération en génération.</li>
</ul>



<div class="wp-block-buttons is-content-justification-center is-layout-flex wp-container-core-buttons-is-layout-a89b3969 wp-block-buttons-is-layout-flex">
<div class="wp-block-button"><a class="wp-block-button__link wp-element-button" href="https://grpe-alt.com/gap1/sable-traditionnel-2/">cliquez ici</a></div>
</div>

<p>Depuis 2010, La Sablésienne perpétue le savoir-faire des biscuits artisanaux français dans la région de Lyon. Spécialisée dans la fabrication de biscuits authentiques et raffinés, l’entreprise allie tradition, innovation et respect des ingrédients naturels pour offrir à ses clients une expérience gustative unique. Des biscuits artisanaux où tradition et innovation se rencontrent Chaque biscuit signé [&hellip;]</p>

Depuis 2010, La Sablésienne perpétue le savoir-faire des biscuits artisanaux français dans la région de Lyon. Spécialisée dans la fabrication de biscuits authentiques et raffinés, l’entreprise allie tradition, innovation et respect des ingrédients naturels pour offrir à ses clients une expérience gustative unique. Des biscuits artisanaux où tradition et innovation se rencontrent Chaque biscuit signé…
