{"id":504,"date":"2024-09-26T12:35:42","date_gmt":"2024-09-26T12:35:42","guid":{"rendered":"https:\/\/grpe-alt.com\/gap1\/?page_id=504"},"modified":"2025-11-10T12:46:28","modified_gmt":"2025-11-10T12:46:28","slug":"huile-olive-artisanale","status":"publish","type":"page","link":"https:\/\/grpe-alt.com\/gap1\/huile-olive-artisanale\/","title":{"rendered":"ACCUEIL"},"content":{"rendered":"\n<div class=\"wp-block-uagb-container uagb-block-db9ba89f alignfull uagb-is-root-container\"><div class=\"uagb-container-inner-blocks-wrap\">\n<div class=\"wp-block-uagb-call-to-action uagb-block-243c7fa9 wp-block-button\"><div class=\"uagb-cta__wrap\"><h1 class=\"uagb-cta__title\">huile de tournesol :L&rsquo;Excellence  et Savoir Faire des Hautes-Provence<\/h1><p class=\"uagb-cta__desc\">huile de noix Click huile de tournesol this text. Lorem ipsum dolor sit amet, consectetur adipiscing elit. Ut elit tellus, luctus nec ullamcorper mattis, pulvinar dapibus leo.<\/p><\/div><div class=\"uagb-cta__buttons\"><a href=\"https:\/\/grpe-alt.com\/gap1\/lequipe\/\" class=\"uagb-cta__button-link-wrapper wp-block-button__link\" target=\"_self\" rel=\"noopener noreferrer\">En savoir plus<svg xmlns=\"https:\/\/www.w3.org\/2000\/svg\" viewBox=\"0 0 512 512\"><path d=\"M504.3 273.6l-112.1 104c-6.992 6.484-17.18 8.218-25.94 4.406c-8.758-3.812-14.42-12.45-14.42-21.1L351.9 288H32C14.33 288 .0002 273.7 .0002 255.1S14.33 224 32 224h319.9l0-72c0-9.547 5.66-18.19 14.42-22c8.754-3.809 18.95-2.075 25.94 4.41l112.1 104C514.6 247.9 514.6 264.1 504.3 273.6z\"><\/path><\/svg><\/a><\/div><\/div>\n<\/div><\/div>\n\n\n\n<div class=\"wp-block-uagb-separator uagb-block-5560c98b\"><div class=\"wp-block-uagb-separator__inner\" style=\"--my-background-image:\"><\/div><\/div>\n\n\n\n<div class=\"wp-block-uagb-container uagb-block-8d0d3714 alignfull uagb-is-root-container\"><div class=\"uagb-container-inner-blocks-wrap\">\n<div class=\"wp-block-uagb-container uagb-block-7cb230c2\">\n<div class=\"wp-block-uagb-image uagb-block-67090576 wp-block-uagb-image--layout-default wp-block-uagb-image--effect-static wp-block-uagb-image--align-none\"><figure class=\"wp-block-uagb-image__figure\"><img decoding=\"async\" srcset=\"https:\/\/grpe-alt.com\/gap1\/wp-content\/uploads\/2024\/08\/annie-spratt-Ptj8t_TXjdg-unsplash-1024x768.jpg ,https:\/\/grpe-alt.com\/gap1\/wp-content\/uploads\/2024\/08\/annie-spratt-Ptj8t_TXjdg-unsplash-scaled-e1726046451102.jpg 780w, https:\/\/grpe-alt.com\/gap1\/wp-content\/uploads\/2024\/08\/annie-spratt-Ptj8t_TXjdg-unsplash-scaled-e1726046451102.jpg 360w\" sizes=\"auto, (max-width: 480px) 150px\" src=\"https:\/\/grpe-alt.com\/gap1\/wp-content\/uploads\/2024\/08\/annie-spratt-Ptj8t_TXjdg-unsplash-1024x768.jpg\" alt=\"Une montagne entour\u00e9e de nuage\" class=\"uag-image-213\" width=\"1024\" height=\"768\" title=\"montagne-entouree-nuage\" loading=\"lazy\" role=\"img\"\/><\/figure><\/div>\n<\/div>\n\n\n\n<div class=\"wp-block-uagb-container uagb-block-76207386\">\n<div class=\"wp-block-uagb-advanced-heading uagb-block-0e71eeb2\"><h2 class=\"uagb-heading-text\">Une huile de tournesol Bio Authentique au C\u0153ur des Hautes-Provence : Notre savoir faire.<\/h2><\/div>\n\n\n\n<p class=\"has-text-align-left\">Chez Moulin Victor, chaque goutte de notre huile d&rsquo;olive bio est le fruit d&rsquo;un savoir-faire artisanal transmis depuis des g\u00e9n\u00e9rations. Situ\u00e9 au c\u0153ur des <a href=\"https:\/\/www.tourisme-alpes-haute-provence.com\/\">Hautes-Provence, <\/a>notre moulin allie <strong>tradition et innovation <\/strong>pour offrir une huile d&rsquo;olive d&rsquo;exception, pure et naturelle. Nos olives, soigneusement cultiv\u00e9es sans pesticides ni produits chimiques, sont <a href=\"https:\/\/grpe-alt.com\/gap1\/coffrets-apero\/\">press\u00e9es \u00e0 froid <\/a>pour pr\u00e9server toutes leurs qualit\u00e9s nutritionnelles et leur go\u00fbt authentique. En choisissant notre huile, vous soutenez une production respectueuse de l&rsquo;environnement et des m\u00e9thodes ancestrales, tout en savourant une huile aux ar\u00f4mes uniques et riches en bienfaits.<\/p>\n\n\n\n<div class=\"wp-block-uagb-buttons uagb-buttons__outer-wrap uagb-btn__default-btn uagb-btn-tablet__default-btn uagb-btn-mobile__default-btn uagb-block-6eeeea07\"><div class=\"uagb-buttons__wrap uagb-buttons-layout-wrap \">\n<div class=\"wp-block-uagb-buttons-child uagb-buttons__outer-wrap uagb-block-8e83a6b9 wp-block-button\"><div class=\"uagb-button__wrapper\"><a class=\"uagb-buttons-repeater wp-block-button__link\" aria-label=\"\" href=\"https:\/\/grpe-alt.com\/gap1\/notre-savoir-faire-2\/\" rel=\"follow noopener\" target=\"_self\" role=\"button\"><div class=\"uagb-button__link\">Cliquez ici<\/div><\/a><\/div><\/div>\n<\/div><\/div>\n<\/div>\n<\/div><\/div>\n\n\n\n<div class=\"wp-block-uagb-advanced-heading uagb-block-0d3f3d1f\"><h3 class=\"uagb-heading-text\">Notre \u00e9quipe<\/h3><div class=\"uagb-separator\"><\/div><\/div>\n\n\n\n<div class=\"wp-block-uagb-team uagb-team__image-position-above uagb-team__align-center uagb-team__stack-tablet uagb-block-d6b69b0d\"><div class=\"uagb-team__content\"><img decoding=\"async\" class=\"uagb-team__image-crop-circle\" src=\"https:\/\/grpe-alt.com\/gap1\/wp-content\/uploads\/2024\/12\/pexels-olly-789822-150x150.jpg\" alt=\"Une femme lors du troph\u00e9e : les femmes de l'\u00e9conomie.\" height=\"100\" width=\"100\" loading=\"lazy\"\/><h2 class=\"uagb-team__title\">Julie Verdier<\/h2><span class=\"uagb-team__prefix\">Responsable Production &amp; Qualit\u00e9<\/span><p class=\"uagb-team__desc\">Julie est la garante de l&rsquo;excellence de nos huiles d&rsquo;olive au Moulin Victor. Avec plus de <br>0 ans d&rsquo;exp\u00e9rience dans l&rsquo;agroalimentaire et une passion pour les produits bio, elle supervise chaque \u00e9tape du processus, de la r\u00e9colte des olives \u00e0 l&rsquo;extraction de l&rsquo;huile. Amoureuse des Hautes-Provence, elle veille \u00e0 pr\u00e9server les m\u00e9thodes artisanales tout en int\u00e9grant des pratiques innovantes pour assurer une qualit\u00e9 irr\u00e9prochable.<\/p><ul class=\"uagb-team__social-list\"><li class=\"uagb-team__social-icon\"><a href=\"https:\/\/x.com\/\" aria-label=\"x-twitter\" target=\"_self\" title=\"\" rel=\"noopener noreferrer\"><svg xmlns=\"https:\/\/www.w3.org\/2000\/svg\" viewBox=\"0 0 512 512\"><path d=\"M389.2 48h70.6L305.6 224.2 487 464H345L233.7 318.6 106.5 464H35.8L200.7 275.5 26.8 48H172.4L272.9 180.9 389.2 48zM364.4 421.8h39.1L151.1 88h-42L364.4 421.8z\"><\/path><\/svg><\/a><\/li><li class=\"uagb-team__social-icon\"><a href=\"https:\/\/www.facebook.com\/\" aria-label=\"facebook\" target=\"_self\" title=\"\" rel=\"noopener noreferrer\"><svg xmlns=\"https:\/\/www.w3.org\/2000\/svg\" viewBox=\"0 0 512 512\"><path d=\"M504 256C504 119 393 8 256 8S8 119 8 256c0 123.8 90.69 226.4 209.3 245V327.7h-63V256h63v-54.64c0-62.15 37-96.48 93.67-96.48 27.14 0 55.52 4.84 55.52 4.84v61h-31.28c-30.8 0-40.41 19.12-40.41 38.73V256h68.78l-11 71.69h-57.78V501C413.3 482.4 504 379.8 504 256z\"><\/path><\/svg><\/a><\/li><\/ul><\/div><\/div>\n\n\n\n<h2 class=\"wp-block-heading\">FAQ<\/h2>\n\n\n<div class=\"wp-block-uagb-faq uagb-faq__outer-wrap uagb-block-14d4e340 uagb-faq-icon-row uagb-faq-layout-accordion uagb-faq-expand-first-true uagb-faq-inactive-other-true uagb-faq__wrap uagb-buttons-layout-wrap uagb-faq-equal-height     \" data-faqtoggle=\"true\" role=\"tablist\"><div class=\"wp-block-uagb-faq-child uagb-faq-child__outer-wrap uagb-faq-item uagb-block-340c7ea9 \" role=\"tab\" tabindex=\"0\"><div class=\"uagb-faq-questions-button uagb-faq-questions\">\t\t\t<span class=\"uagb-icon uagb-faq-icon-wrap\">\n\t\t\t\t\t\t\t\t<svg xmlns=\"https:\/\/www.w3.org\/2000\/svg\" viewBox= \"0 0 448 512\"><path d=\"M432 256c0 17.69-14.33 32.01-32 32.01H256v144c0 17.69-14.33 31.99-32 31.99s-32-14.3-32-31.99v-144H48c-17.67 0-32-14.32-32-32.01s14.33-31.99 32-31.99H192v-144c0-17.69 14.33-32.01 32-32.01s32 14.32 32 32.01v144h144C417.7 224 432 238.3 432 256z\"><\/path><\/svg>\n\t\t\t\t\t\t\t<\/span>\n\t\t\t\t\t\t<span class=\"uagb-icon-active uagb-faq-icon-wrap\">\n\t\t\t\t\t\t\t\t<svg xmlns=\"https:\/\/www.w3.org\/2000\/svg\" viewBox= \"0 0 448 512\"><path d=\"M400 288h-352c-17.69 0-32-14.32-32-32.01s14.31-31.99 32-31.99h352c17.69 0 32 14.3 32 31.99S417.7 288 400 288z\"><\/path><\/svg>\n\t\t\t\t\t\t\t<\/span>\n\t\t\t<h3 class=\"uagb-question\">Qu\u2019est-ce qu\u2019une F.A.Q.\u00a0?<\/h3><\/div><div class=\"uagb-faq-content\"><p>Lorem ipsum dolor sit amet, consectetur adipiscing elit, sed do eiusmod tempor incididunt ut labore et dolore magna aliqua. Ut enim ad minim veniam, quis nostrud exercitation ullamco laboris nisi ut aliquip ex ea commodo consequat.<\/p><\/div><\/div><div class=\"wp-block-uagb-faq-child uagb-faq-child__outer-wrap uagb-faq-item uagb-block-8e1d7746 \" role=\"tab\" tabindex=\"0\"><div class=\"uagb-faq-questions-button uagb-faq-questions\">\t\t\t<span class=\"uagb-icon uagb-faq-icon-wrap\">\n\t\t\t\t\t\t\t\t<svg xmlns=\"https:\/\/www.w3.org\/2000\/svg\" viewBox= \"0 0 448 512\"><path d=\"M432 256c0 17.69-14.33 32.01-32 32.01H256v144c0 17.69-14.33 31.99-32 31.99s-32-14.3-32-31.99v-144H48c-17.67 0-32-14.32-32-32.01s14.33-31.99 32-31.99H192v-144c0-17.69 14.33-32.01 32-32.01s32 14.32 32 32.01v144h144C417.7 224 432 238.3 432 256z\"><\/path><\/svg>\n\t\t\t\t\t\t\t<\/span>\n\t\t\t\t\t\t<span class=\"uagb-icon-active uagb-faq-icon-wrap\">\n\t\t\t\t\t\t\t\t<svg xmlns=\"https:\/\/www.w3.org\/2000\/svg\" viewBox= \"0 0 448 512\"><path d=\"M400 288h-352c-17.69 0-32-14.32-32-32.01s14.31-31.99 32-31.99h352c17.69 0 32 14.3 32 31.99S417.7 288 400 288z\"><\/path><\/svg>\n\t\t\t\t\t\t\t<\/span>\n\t\t\t<h3 class=\"uagb-question\">Qu\u2019est-ce qu\u2019une F.A.Q.\u00a0?<\/h3><\/div><div class=\"uagb-faq-content\"><p>Lorem ipsum dolor sit amet, consectetur adipiscing elit, sed do eiusmod tempor incididunt ut labore et dolore magna aliqua. Ut enim ad minim veniam, quis nostrud exercitation ullamco laboris nisi ut aliquip ex ea commodo consequat.<\/p><\/div><\/div><\/div>","protected":false},"excerpt":{"rendered":"<p>Une huile de tournesol Bio Authentique au C\u0153ur des Hautes-Provence : Notre savoir faire. Chez Moulin Victor, chaque goutte de notre huile d&rsquo;olive bio est le fruit d&rsquo;un savoir-faire artisanal transmis depuis des g\u00e9n\u00e9rations. Situ\u00e9 au c\u0153ur des Hautes-Provence, notre moulin allie tradition et innovation pour offrir une huile d&rsquo;olive d&rsquo;exception, pure et naturelle. Nos [&hellip;]<\/p>\n","protected":false},"author":1,"featured_media":185,"parent":0,"menu_order":0,"comment_status":"closed","ping_status":"closed","template":"","meta":{"_uag_custom_page_level_css":"","site-sidebar-layout":"default","site-content-layout":"","ast-site-content-layout":"default","site-content-style":"default","site-sidebar-style":"default","ast-global-header-display":"","ast-banner-title-visibility":"","ast-main-header-display":"","ast-hfb-above-header-display":"","ast-hfb-below-header-display":"","ast-hfb-mobile-header-display":"","site-post-title":"disabled","ast-breadcrumbs-content":"","ast-featured-img":"","footer-sml-layout":"","ast-disable-related-posts":"","theme-transparent-header-meta":"","adv-header-id-meta":"","stick-header-meta":"","header-above-stick-meta":"","header-main-stick-meta":"","header-below-stick-meta":"","astra-migrate-meta-layouts":"default","ast-page-background-enabled":"default","ast-page-background-meta":{"desktop":{"background-color":"var(--ast-global-color-4)","background-image":"","background-repeat":"repeat","background-position":"center center","background-size":"auto","background-attachment":"scroll","background-type":"","background-media":"","overlay-type":"","overlay-color":"","overlay-opacity":"","overlay-gradient":""},"tablet":{"background-color":"","background-image":"","background-repeat":"repeat","background-position":"center center","background-size":"auto","background-attachment":"scroll","background-type":"","background-media":"","overlay-type":"","overlay-color":"","overlay-opacity":"","overlay-gradient":""},"mobile":{"background-color":"","background-image":"","background-repeat":"repeat","background-position":"center center","background-size":"auto","background-attachment":"scroll","background-type":"","background-media":"","overlay-type":"","overlay-color":"","overlay-opacity":"","overlay-gradient":""}},"ast-content-background-meta":{"desktop":{"background-color":"var(--ast-global-color-5)","background-image":"","background-repeat":"repeat","background-position":"center center","background-size":"auto","background-attachment":"scroll","background-type":"","background-media":"","overlay-type":"","overlay-color":"","overlay-opacity":"","overlay-gradient":""},"tablet":{"background-color":"var(--ast-global-color-5)","background-image":"","background-repeat":"repeat","background-position":"center center","background-size":"auto","background-attachment":"scroll","background-type":"","background-media":"","overlay-type":"","overlay-color":"","overlay-opacity":"","overlay-gradient":""},"mobile":{"background-color":"var(--ast-global-color-5)","background-image":"","background-repeat":"repeat","background-position":"center center","background-size":"auto","background-attachment":"scroll","background-type":"","background-media":"","overlay-type":"","overlay-color":"","overlay-opacity":"","overlay-gradient":""}},"footnotes":""},"class_list":["post-504","page","type-page","status-publish","has-post-thumbnail","hentry"],"uagb_featured_image_src":{"full":["https:\/\/grpe-alt.com\/gap1\/wp-content\/uploads\/2022\/09\/nazar-hrabovyi-lIuxlN0zSjs-unsplash-scaled-e1664444696466.jpg",1250,833,false],"thumbnail":["https:\/\/grpe-alt.com\/gap1\/wp-content\/uploads\/2022\/09\/nazar-hrabovyi-lIuxlN0zSjs-unsplash-scaled-e1664444696466-150x150.jpg",150,150,true],"medium":["https:\/\/grpe-alt.com\/gap1\/wp-content\/uploads\/2022\/09\/nazar-hrabovyi-lIuxlN0zSjs-unsplash-scaled-e1664444696466-300x200.jpg",300,200,true],"medium_large":["https:\/\/grpe-alt.com\/gap1\/wp-content\/uploads\/2022\/09\/nazar-hrabovyi-lIuxlN0zSjs-unsplash-scaled-e1664444696466-768x512.jpg",768,512,true],"large":["https:\/\/grpe-alt.com\/gap1\/wp-content\/uploads\/2022\/09\/nazar-hrabovyi-lIuxlN0zSjs-unsplash-scaled-e1664444696466-1024x682.jpg",1024,682,true],"1536x1536":["https:\/\/grpe-alt.com\/gap1\/wp-content\/uploads\/2022\/09\/nazar-hrabovyi-lIuxlN0zSjs-unsplash-1536x1024.jpg",1536,1024,true],"2048x2048":["https:\/\/grpe-alt.com\/gap1\/wp-content\/uploads\/2022\/09\/nazar-hrabovyi-lIuxlN0zSjs-unsplash-2048x1365.jpg",2048,1365,true]},"uagb_author_info":{"display_name":"apa16","author_link":"https:\/\/grpe-alt.com\/gap1\/author\/apa16\/"},"uagb_comment_info":0,"uagb_excerpt":"Une huile de tournesol Bio Authentique au C\u0153ur des Hautes-Provence : Notre savoir faire. Chez Moulin Victor, chaque goutte de notre huile d&rsquo;olive bio est le fruit d&rsquo;un savoir-faire artisanal transmis depuis des g\u00e9n\u00e9rations. Situ\u00e9 au c\u0153ur des Hautes-Provence, notre moulin allie tradition et innovation pour offrir une huile d&rsquo;olive d&rsquo;exception, pure et naturelle. Nos\u2026","_links":{"self":[{"href":"https:\/\/grpe-alt.com\/gap1\/wp-json\/wp\/v2\/pages\/504","targetHints":{"allow":["GET"]}}],"collection":[{"href":"https:\/\/grpe-alt.com\/gap1\/wp-json\/wp\/v2\/pages"}],"about":[{"href":"https:\/\/grpe-alt.com\/gap1\/wp-json\/wp\/v2\/types\/page"}],"author":[{"embeddable":true,"href":"https:\/\/grpe-alt.com\/gap1\/wp-json\/wp\/v2\/users\/1"}],"replies":[{"embeddable":true,"href":"https:\/\/grpe-alt.com\/gap1\/wp-json\/wp\/v2\/comments?post=504"}],"version-history":[{"count":93,"href":"https:\/\/grpe-alt.com\/gap1\/wp-json\/wp\/v2\/pages\/504\/revisions"}],"predecessor-version":[{"id":2112,"href":"https:\/\/grpe-alt.com\/gap1\/wp-json\/wp\/v2\/pages\/504\/revisions\/2112"}],"wp:featuredmedia":[{"embeddable":true,"href":"https:\/\/grpe-alt.com\/gap1\/wp-json\/wp\/v2\/media\/185"}],"wp:attachment":[{"href":"https:\/\/grpe-alt.com\/gap1\/wp-json\/wp\/v2\/media?parent=504"}],"curies":[{"name":"wp","href":"https:\/\/api.w.org\/{rel}","templated":true}]}}